 = -5*y - 1. What is v(i)?
9
Let r(m) = -5*m**3 + 1. Let i(h) = -11*h**3 - 13*h**2 - 12*h + 9. Let s(b) = -i(b) + 2*r(b). What is s(-12)?
-7
Let i(t) be the third derivative of -t**6/120 - t**5/4 + t**4/3 + 11*t**3/3 + 1052*t**2. Calculate i(-15).
-98
Let x(f) = 5*f - 44. Let c be ((-8)/(-6))/(8415/(-945) + 9). Calculate x(c).
26
Suppose -4*k = 2*c - 400, 4*c - k - 628 = c. Let p = -214 + c. Let d(w) = 5*w + 9. Calculate d(p).
-21
Let x be ((-33440)/72)/(-20) + -9 - (-4)/(-18). Let z(f) = -f**3 + 17*f**2 - 44*f + 10. Give z(x).
-18
Let k(n) = n**2 + 5*n + 6. Let t be -980 + 5*(-2 - -1). Let h be 2/6 + (-6)/(90/t). Let z be (-5 + -1)*11/(h/4). Determine k(z).
2
Let f(x) be the second derivative of 3 + 1/12*x**4 - 3*x**2 + 7/6*x**3 + 20*x. Give f(-8).
2
Let y(t) = -56*t - 27*t + 3 + 73*t. What is y(1)?
-7
Let s(u) = 3*u**2 + 2*u - 2. Let p(m) be the first derivative of m**3/3 - 5*m**2/2 - 5*m + 22. Let i be p(6). Let j be 12/3 - i - 5. Give s(j).
6
Let l(u) = -u**3 + 6*u**2 - 3*u - 7. Suppose 5 = 2*d - 5. Let h be l(d). Suppose 0 = h*p + p + 8. Let b(t) = 7*t + 1. Calculate b(p).
-13
Let f = -8549 - -8548. Let x(n) = 4*n - 7. Calculate x(f).
-11
Suppose 4*k - 3*s - 118 = 595, -2*k + 5*s = -339. Let j(l) = -k - 2*l + 364 - 191. Determine j(-7).
5
Let v(a) = -a + 69. Let k(w) = w**3 - 153*w**2 + 309*w - 1042. Let p be k(151). What is v(p)?
54
Suppose -4*m - 3*y + 23 = 0, 3*m - 4*y + y = 12. Let s(r) = r**3 - 45 + 84 - 42 + m*r - 5*r**2. Give s(4).
1
Let o(l) = -l**3 - 16*l**2 - 14*l + 2. Let k = -3068 + 3053. Calculate o(k).
-13
Let w(p) = -p**3 + 23*p**2 - 20*p - 35. Suppose -3*h = -3*m + 2*m + 31, -m + 13 = 3*h. Calculate w(m).
9
Let d(x) = -2*x + 3. Let r be d(4). Let q(a) = -5*a - 5. Let v(o) = 9*o + 5*o - 13*o + 1. Let n(s) = -q(s) - 4*v(s). Calculate n(r).
-4
Let p(i) = -i**3 - 39*i**2 - 324*i - 24. Let c be p(-12). Let g(t) = -t**3 - 24*t**2 - t - 18. Determine g(c).
6
Suppose -3*m + 11 = 2. Let d(k) be the first derivative of -k**4/12 + k**3/2 - 3*k**2/2 - 112*k + 145. Let w(r) be the first derivative of d(r). Give w(m).
-3
Let x(u) = -3*u**2 + 2*u + 2. Let w(b) = 3*b + 2*b**2 + 6 + 2 - 8*b + 3*b. Let c be w(-4). Let o = c - 46. Determine x(o).
-6
Let f(p) = 2*p**2 + 5*p - 15. Let r(d) = 5*d**2 + 16*d - 43. Let s(m) = 8*f(m) - 3*r(m). Let n be 70/20*(-24)/(-14). Calculate s(n).
-3
Let h(s) = -11*s**2 - 5*s - 113. Let w(x) = 43*x**2 + 21*x + 431. Let g(d) = 23*h(d) + 6*w(d). Calculate g(1).
3
Let l(r) = -325 + 331 - 136*r**3 - 7*r**2 + 135*r**3 - 4*r. What is l(-6)?
-6
Suppose 0 = -5*y + 891 + 2044. Let z = -576 + y. Let m(t) = t**2 - 11*t + 10. What is m(z)?
10
Suppose -26 = -3*m + 28. Let n = m + -20. Let s(k) be the second derivative of k**5/10 + k**4/12 - k**3/6 + k**2/2 + k. Give s(n).
-9
Let o(q) = -8*q**2 - 21*q + 12. Let f(n) = 13*n**2 + 32*n - 20. Let b(y) = -5*f(y) - 8*o(y). Let v be (-5)/(3 + (-138)/36). Calculate b(v).
16
Let f(d) be the first derivative of d**4/4 - 14*d**3/3 + 10*d**2 + 24*d + 609. Determine f(12).
-24
Let t(n) = -4*n**2 + 4*n + 7. Let i be t(2). Let l = -7 - -12. Let g(h) = h + 1. Let f(j) = 14*j + 4. Let o(x) = l*g(x) - f(x). Calculate o(i).
10
Let x(t) = -t**3 - 6*t**2 + 5*t + 6. Suppose -l - 2*b = 4*l - 2, 1 = 2*l + b. Let r be (l - 11) + 2 - -2. What is x(r)?
20
Let j(d) = -d**2 + 29. Suppose 340 - 100 = -48*a. Calculate j(a).
4
Let m(t) = 19*t + 323. Let v be m(-17). Let s(w) = w**3 + 3*w**2 + w - 2. Determine s(v).
-2
Let k(z) = 6*z + 1. Let p be 2*-1 + 25 + -18. Suppose 25 = 5*t - p*i, 3*t + t - 5*i - 16 = 0. Suppose 0 = -y + 4, 4*u - t = 7*u - 3*y. Give k(u).
7
Let u = -389 + 391. Let a(j) = -u + 790*j - 388*j - 401*j. Give a(1).
-1
Let p = 40 + -37. Suppose -4*h + 3 = s, 4*h = -p*s + 2*h + 19. Let g = s + -4. Let y(i) = i**3 - 3*i**2 - 4*i + 1. Determine y(g).
-11
Let n be (-2 + -1)*(1241/219 - (-4)/(-1)). Let z(v) = -v**2 - 32*v - 143. Determine z(n).
-8
Let o(l) = 4*l + 0*l + 0*l - 1. Let r(b) = 2*b + 22. Let c be r(-10). Suppose -c*u - 3*u + 13 = -2*y, -5*y = 5*u - 20. What is o(y)?
3
Suppose -69*d = 4*q - 68*d - 38, 0 = -3*q - d + 29. Let f = -7 + 11. Suppose 27 + q = f*u. Let o(b) = -b**3 + 10*b**2 - 10*b + 1. Give o(u).
-8
Let k(v) = -2*v**2 - 70*v - 114. Let t be k(-33). Let c(w) = -15*w + 269. Let q be c(t). Let z(u) = -4*u**3 - 3*u**2 - 2*u - 1. Calculate z(q).
2
Let d(o) = 4*o**3 + 18*o**2 - 26*o - 3. Let m(h) = 5*h**3 + 23*h**2 - 28*h - 1. Let i(s) = 4*d(s) - 3*m(s). Determine i(-6).
3
Let v be 179 - 177 - (-3 + 2)*(-22)/12. Let z(a) be the second derivative of 1/20*a**5 + 0 - 3*a**2 + 5/12*a**4 - 7*a + v*a**3. What is z(-5)?
-11
Suppose -101 + 71 = 6*g. Let t(o) = -3*o + 1. Let x(l) = l**2 - 22*l - 1. Let v(j) = g*t(j) + x(j). Calculate v(6).
-12
Let h(v) = -19 - 127*v - 135*v - 7 + 263*v + 18. Suppose 0 = -3*r - 5*z + 2, 5*z = -2*r - 2 + 10. Give h(r).
-14
Let a be 5 - (16 + -11) - 1. Let i(t) = -6*t**2. Calculate i(a).
-6
Let n(h) = 123*h**2 - 77*h**2 + 340 - 79*h**2 + 102*h**2 + 24*h - 70*h**2. Calculate n(34).
0
Suppose -4*x = -14*o + 11*o + 57, 0 = 5*x. Let c(l) = -l**3 + 20*l**2 - 18*l - 14. Give c(o).
5
Let b(x) be the second derivative of x**6/180 + x**5/60 + x**4/8 + 2*x**3/3 + x**2 + 40*x. Let w(h) be the second derivative of b(h). What is w(-3)?
15
Suppose -4208*t = -4223*t + 90. Let p(l) = -5*l + 34. Give p(t).
4
Let m(i) = -2*i + 1. Let b = 180 - 180. Let j be m(b). Let w(x) = -5*x**3 + x**2. Calculate w(j).
-4
Let p(q) = -3*q + 5. Let d(w) = 13*w - 19. Let u(x) = 2*d(x) + 9*p(x). Let n be u(10). Let a(t) = -199 - 3*t**2 + 5*t + 202 + 4*t**2. Determine a(n).
-3
Let w(l) = -9*l + l - 4*l. Suppose 4*x - 5*v = -19, 2*v - 10 = 2*x - 2. Determine w(x).
12
Let b = -3 - 0. Let s(d) = 9382*d**2 + 57 - 2*d - 55 - 9383*d**2. Calculate s(b).
-1
Let w(n) = -2*n + 3 - 28*n**3 + 3*n**2 + 0*n + 27*n**3. Let q(p) = p**2 + 51*p + 347. Let b be q(-43). What is w(b)?
-3
Let p(f) = 9*f - 3*f + 804 - 3*f - 1925 + 1124. Let h(t) = -3*t**3 + 4*t**2 + 2*t - 2. Let r be h(-2). Let z be 2/(-3) - r/(-6). Give p(z).
18
Let j(c) = 6*c + c**2 + 0*c**2 + 5 - 2*c. Let d be -2*((-84)/(-24) + -1). Determine j(d).
10
Let j(r) be the second derivative of 0 - 3/2*r**2 - 28*r - 1/6*r**3 + 1/20*r**5 + 5/12*r**4. Give j(-4).
17
Let s be ((1 - 0)*0)/(-1). Let w = 4805 - 4803. Let q(y) = -11*y**2 - 3 + 8*y**w - y**3 + s*y**3. Give q(-3).
-3
Suppose 407*k - 406*k = -6. Suppose 3*b - 26 = 4*g, -g - 15 = 2*g. Let u(x) = 2 - x**2 - 6*x + 0*x + b*x - 2*x. What is u(k)?
2
Let q = 85 - 84. Let y(v) = v**2 - 27*v + 3. Let a be y(27). Let f(n) = -a*n**2 - 1549 + 1550 - 6*n**2. Give f(q).
-8
Suppose k = 3*l - 73, -3*k - 24 = -2*l + 27. Let c = -26 + l. Let t(g) = -g**3 + 3*g + 2. What is t(c)?
4
Let k(t) be the second derivative of t**3 + 3*t**2/2 + 5152*t + 1. Suppose 1 = x - 2. Calculate k(x).
21
Let d = 7 - 4. Let j(b) = -174*b + 6 + 506*b - 165*b - 174*b. Let l(z) = -4*z + 3. Let o(n) = -4*j(n) + 9*l(n). Give o(d).
-21
Let c(j) be the third derivative of j**5/60 - j**4/6 - j**3 - 85*j**2 - 7. Determine c(0).
-6
Let l(h) = 9*h**2 + 2*h - 6. Let m be l(-1). Let a(g) = 83*g**2 - 1. What is a(m)?
82
Let z(p) = -10*p**2 - 72*p - 9. Let m(d) = 4*d + 41. Let r be m(-12). Calculate z(r).
5
Let k(d) be the second derivative of 27*d + 31/2*d**2 + 0 - 1/2*d**3. Give k(9).
4
Let k(x) be the third derivative of 0*x - 35*x**2 - 5/6*x**3 + 0 + 1/24*x**4. Calculate k(2).
-3
Let p(q) = q**3 + 2*q**2 - 3*q - 7. Let u(z) = 4*z**3 + 10*z**2 - 10*z - 29. Let h(c) = -9*p(c) + 2*u(c). Calculate h(-2).
7
Let u(c) = -c + 4. Let q be 5/30*10*3. Suppose v - 3*v = 3*g - 25, 3*v - 4*g + q = 0. Suppose v*n = 3*n - 6. Give u(n).
7
Let r(f) = f + 1. Let m(n) = -n + 9. Let g be m(1). Suppose 78*c - 80*c = g. Calculate r(c).
-3
Let i(c) = 9*c + 1. Let u(p) be the third derivative of 7*p**4/24 + p**3/6 + 79*p**2. Let v(g) = 3*i(g) - 4*u(g). Give v(8).
-9
Let h(k) = 103*k + 5694. Let b be h(-55). Let n(x) = 2*x - 57. Calculate n(b).
1
Let c be (0 - -1) + 6698*(-3 + 8). Let o(y) = 33485*y - 6 - c*y - y**2 - y**2. Give o(-3).
-6
Let n(i) = 6*i**2 - i - 2. Let q(d) = -2*d**2 + 1. Let g(y) = 2*n(y) + 7*q(y). Let c = -25500 - -25502. Calculate g(c).
-9
Let j(h) = -h**2 + h + 51. Let w be j(7). Let i(k) be the third derivative of k**4/8 - 4*k**3/3 - 34*k**2 - 